{"id":1178,"date":"2025-05-15T11:01:48","date_gmt":"2025-05-15T11:01:48","guid":{"rendered":"https:\/\/funerariadegalicia.com\/defunciones\/?page_id=1178"},"modified":"2025-05-15T11:04:54","modified_gmt":"2025-05-15T11:04:54","slug":"servicios-funerarios-en-o-corgo-lugo","status":"publish","type":"page","link":"https:\/\/funerariadegalicia.com\/defunciones\/funerarias\/lugo\/servicios-funerarios-en-o-corgo-lugo\/","title":{"rendered":"\u271d\ufe0f Servicios funerarios en O Corgo \u21e8 Lugo"},"content":{"rendered":"\n\n<div class=\"kk-star-ratings kksr-auto kksr-align-left kksr-valign-top\"\n    data-payload='{&quot;align&quot;:&quot;left&quot;,&quot;id&quot;:&quot;1178&quot;,&quot;slug&quot;:&quot;default&quot;,&quot;valign&quot;:&quot;top&quot;,&quot;ignore&quot;:&quot;&quot;,&quot;reference&quot;:&quot;auto&quot;,&quot;class&quot;:&quot;&quot;,&quot;count&quot;:&quot;3&quot;,&quot;legendonly&quot;:&quot;&quot;,&quot;readonly&quot;:&quot;&quot;,&quot;score&quot;:&quot;5&quot;,&quot;starsonly&quot;:&quot;&quot;,&quot;best&quot;:&quot;5&quot;,&quot;gap&quot;:&quot;5&quot;,&quot;greet&quot;:&quot;Valorar&quot;,&quot;legend&quot;:&quot;5\\\/5 - (3 votos)&quot;,&quot;size&quot;:&quot;24&quot;,&quot;title&quot;:&quot;\u271d\ufe0f Servicios funerarios en O Corgo \u21e8 Lugo&quot;,&quot;width&quot;:&quot;142.5&quot;,&quot;_legend&quot;:&quot;{score}\\\/{best} - ({count} {votes})&quot;,&quot;font_factor&quot;:&quot;1.25&quot;}'>\n            \n<div class=\"kksr-stars\">\n    \n<div class=\"kksr-stars-inactive\">\n            <div class=\"kksr-star\" data-star=\"1\" style=\"padding-right: 5px\">\n            \n\n<div class=\"kksr-icon\" style=\"width: 24px; height: 24px;\"><\/div>\n        <\/div>\n            <div class=\"kksr-star\" data-star=\"2\" style=\"padding-right: 5px\">\n            \n\n<div class=\"kksr-icon\" style=\"width: 24px; height: 24px;\"><\/div>\n        <\/div>\n            <div class=\"kksr-star\" data-star=\"3\" style=\"padding-right: 5px\">\n            \n\n<div class=\"kksr-icon\" style=\"width: 24px; height: 24px;\"><\/div>\n        <\/div>\n            <div class=\"kksr-star\" data-star=\"4\" style=\"padding-right: 5px\">\n            \n\n<div class=\"kksr-icon\" style=\"width: 24px; height: 24px;\"><\/div>\n        <\/div>\n            <div class=\"kksr-star\" data-star=\"5\" style=\"padding-right: 5px\">\n            \n\n<div class=\"kksr-icon\" style=\"width: 24px; height: 24px;\"><\/div>\n        <\/div>\n    <\/div>\n    \n<div class=\"kksr-stars-active\" style=\"width: 142.5px;\">\n            <div class=\"kksr-star\" style=\"padding-right: 5px\">\n            \n\n<div class=\"kksr-icon\" style=\"width: 24px; height: 24px;\"><\/div>\n        <\/div>\n            <div class=\"kksr-star\" style=\"padding-right: 5px\">\n            \n\n<div class=\"kksr-icon\" style=\"width: 24px; height: 24px;\"><\/div>\n        <\/div>\n            <div class=\"kksr-star\" style=\"padding-right: 5px\">\n            \n\n<div class=\"kksr-icon\" style=\"width: 24px; height: 24px;\"><\/div>\n        <\/div>\n            <div class=\"kksr-star\" style=\"padding-right: 5px\">\n            \n\n<div class=\"kksr-icon\" style=\"width: 24px; height: 24px;\"><\/div>\n        <\/div>\n            <div class=\"kksr-star\" style=\"padding-right: 5px\">\n            \n\n<div class=\"kksr-icon\" style=\"width: 24px; height: 24px;\"><\/div>\n        <\/div>\n    <\/div>\n<\/div>\n                \n\n<div class=\"kksr-legend\" style=\"font-size: 19.2px;\">\n            5\/5 - (3 votos)    <\/div>\n    <\/div>\n<p><strong>Funeraria de Galicia<\/strong>\u00a0ofrece servicios funerarios completos para particulares y compa\u00f1\u00edas aseguradoras tambi\u00e9n en\u00a0<b>O Corgo <\/b>(Lugo).<\/p>\n<p>Realizamos todo tipo de servicios y tr\u00e1mites funerarios: entierros, incineraciones, exhumaciones, viudedad, \u00faltimas voluntades, ofrendas florales, traslados nacionales e internacionales, seguros de decesos, esquelas, aniversarios\u2026<\/p>\n<p><strong>Con Funeraria de Galicia la familia decide lo que quiere gastar<\/strong>\u00a0en el sepelio. Con un servicio a medida evitamos gastos innecesarios y garantizamos la satisfacci\u00f3n del servicio.<\/p>\n<p><strong>Somos especialistas en entierros directos y cremaciones directas<\/strong>, un servicio cada vez m\u00e1s demandado en galicia.<\/p>\n<h2>\u2705\u00a0SERVICIOS:<\/h2>\n<p>Servicio funerario 24\/7<\/p>\n<p>Inhumaciones, Incineraciones, Exhumaciones.<\/p>\n<p><a href=\"https:\/\/funerariadegalicia.com\/defunciones\/servicios\/entierros-directos\/\">Entierro Directo<\/a>.<\/p>\n<p><a href=\"https:\/\/funerariadegalicia.com\/defunciones\/servicios\/cremacion-directa\/\">Cremaci\u00f3n Directa<\/a>.<\/p>\n<p>Publicaci\u00f3n de Esquelas.<\/p>\n<p>Placas y accesorios para sepulturas.<\/p>\n<p>Florister\u00eda.<\/p>\n<p>Tr\u00e1mites administrativos (Licencias, viudedad, \u00faltimas voluntades\u2026).<\/p>\n<blockquote><p><strong>\ud83e\udd35\u00a0Funeraria de Galicia<\/strong> <strong>\u226b O Corgo<\/strong><br \/>\nServicio 24 horas.\u00a0\u260e\u00a0<strong>644 633 123<\/strong><\/p><\/blockquote>\n<h2>\ud83d\ude4f\u00a0Costumbres de la zona de\u00a0<b>O Corgo<\/b><\/h2>\n<p data-sourcepos=\"3:1-3:398\">La <strong>regi\u00f3n de O Corgo, abarcando parroquias como Abrag\u00e1n, Aday, Alto, Anse\u00e1n, Argemil, Bergazo, Cabreiros, Campelo, Camposo, Castrill\u00f3n, Cela, Cerceda, Chamoso, <span class=\"citation-0 citation-end-0 interactive-span-selected-v2\">Corgo, Escoureda, Farnadeiros, Folgosa, Fonteita, Franque\u00e1n, Gome\u00e1n, Lajosa, Lap\u00edo, Maceda, Man\u00e1n, Marey, Paradela, Piedrafita, Pi\u00f1eiro, Queiz\u00e1n, Quinte, Sabarey, San Andr\u00e9s de Chamoso, San Bartolom\u00e9 de Chamoso, San Cosme de Man\u00e1n, San Esteban de Farnadeiros, San Esteban de Folgosa, Segovia<sup class=\"superscript visible highlight\" data-turn-source-index=\"1\"> 1 <\/sup><\/span> y Vilach\u00e1<\/strong>, est\u00e1 experimentando una significativa adaptaci\u00f3n en sus tradiciones funerarias en los \u00faltimos a\u00f1os. Aunque la pr\u00e1ctica de realizar velatorios en domicilios particulares es ya poco com\u00fan, observamos un cambio a\u00fan m\u00e1s profundo en las preferencias posteriores. Un n\u00famero creciente de familias en la zona est\u00e1 optando por <strong>alternativas m\u00e1s directas<\/strong> a la inhumaci\u00f3n tradicional.<\/p>\n<p data-sourcepos=\"5:1-5:271\">Espec\u00edficamente, la demanda de <strong>incineraciones directas y entierros directos<\/strong> est\u00e1 mostrando un <strong>incremento notable y constante, a\u00f1o tras a\u00f1o<\/strong>. Estas opciones son elegidas a menudo por su sencillez, rapidez o por ajustarse a la voluntad del fallecido o sus allegados.<\/p>\n<h2>\ud83d\udcb3\u00a0\u00bfCu\u00e1nto cuesta un entierro en\u00a0<b>O Corgo<\/b>?<\/h2>\n<p data-sourcepos=\"3:1-3:237\">El coste de un servicio funerario con Funeraria de Galicia en O Corgo se ajusta a las necesidades y deseos de cada familia, por lo que puede variar considerablemente en funci\u00f3n de los servicios y productos seleccionados.<\/p>\n<p data-sourcepos=\"5:1-5:415\">Disponemos de un servicio funerario b\u00e1sico con un precio <strong>inferior a 1.800\u20ac<\/strong>. No obstante, entendemos la importancia de personalizar cada despedida. Es posible incorporar servicios y productos adicionales como arreglos florales, publicaci\u00f3n de esquelas en radio o prensa, entre otros detalles que se alineen con sus preferencias. La elecci\u00f3n de estos elementos adicionales influir\u00e1 en el coste final del servicio.<\/p>\n<p data-sourcepos=\"7:1-7:158\">Para obtener informaci\u00f3n detallada y un presupuesto adaptado espec\u00edficamente a sus requerimientos, <strong>le invitamos a solicitar un presupuesto sin compromiso<\/strong>.<\/p>\n<h2><strong><a class=\"blogus-categories category-color-1\" href=\"https:\/\/funerariadegalicia.com\/#presupuesto\">Solicitar Presupuesto Ahora \u00bb<\/a><\/strong><\/h2>\n<p>En Funeraria de Galicia, estamos a su disposici\u00f3n para atenderle y proporcionarle toda la informaci\u00f3n que necesite con total transparencia.<\/p>\n<div class=\"section-title text-center position-relative pb-3 mb-5 mx-auto\">\n<h2 class=\"fw-bold text-primary text-uppercase\">\ud83d\ude4c\u00a0SEGUROS DE VIDA O DECESOS<\/h2>\n<p data-sourcepos=\"3:1-3:257\">En Funeraria de Galicia, trabajamos con <strong>todas las compa\u00f1\u00edas de seguros<\/strong> disponibles en Espa\u00f1a. Nos adaptamos completamente a las condiciones de su p\u00f3liza para <strong>asegurar que el sepelio est\u00e9 cubierto<\/strong>, brind\u00e1ndole tranquilidad en esos momentos dif\u00edciles.<\/p>\n<p data-sourcepos=\"5:1-5:284\"><strong>Ante un fallecimiento, la primera llamada que debe hacer es a nosotros.<\/strong> Ll\u00e1menos directamente. Nos encargaremos de gestionar todo: desde notificar a su compa\u00f1\u00eda aseguradora hasta realizar todos los tr\u00e1mites necesarios. As\u00ed, usted puede centrarse en acompa\u00f1ar a sus seres queridos.<\/p>\n<p data-sourcepos=\"7:1-7:284\">Adem\u00e1s, contamos con <strong>convenios especiales con las principales aseguradoras del pa\u00eds<\/strong>. Esto se traduce en una <strong>mayor agilidad, flexibilidad y una gesti\u00f3n m\u00e1s fluida<\/strong> del servicio, garantizando que todo se realice conforme a su p\u00f3liza y a sus deseos, con la m\u00e1xima profesionalidad.<\/p>\n<\/div>\n<div class=\"container py-5 mb-5\">\n<div class=\"bg-white\">\n<div class=\"owl-carousel vendor-carousel owl-loaded owl-drag\">\n<div class=\"owl-stage-outer\">\n<div class=\"owl-stage\">\n<div class=\"owl-item cloned\"><img decoding=\"async\" src=\"https:\/\/funerariadegalicia.com\/img\/caser.jpg\" alt=\"Caser seguros\" \/><img decoding=\"async\" src=\"https:\/\/funerariadegalicia.com\/img\/fe-seguros.jpg\" alt=\"FE seguros\" \/><img decoding=\"async\" src=\"https:\/\/funerariadegalicia.com\/img\/santa-lucia.jpg\" alt=\"Santa Lucia\" \/><img decoding=\"async\" src=\"https:\/\/funerariadegalicia.com\/img\/dkv.jpg\" alt=\"DKV\" \/><img decoding=\"async\" src=\"https:\/\/funerariadegalicia.com\/img\/mapfre.jpg\" alt=\"Mapfre\" \/><img decoding=\"async\" src=\"https:\/\/funerariadegalicia.com\/img\/ocaso.jpg\" alt=\"Ocaso\" \/><img decoding=\"async\" src=\"https:\/\/funerariadegalicia.com\/img\/fiatc.jpg\" alt=\"FiatC\" \/><img decoding=\"async\" src=\"https:\/\/funerariadegalicia.com\/img\/adeslas.jpg\" alt=\"Adeslas\" \/><img decoding=\"async\" src=\"https:\/\/funerariadegalicia.com\/img\/helvetia.jpg\" alt=\"Helvetia\" \/><\/div>\n<div>\n<p><strong>\u270bEn caso de fallecimiento ll\u00e1menos inmediatamente<\/strong>, prestamos servicio\u00a0<strong>24 horas<\/strong>\u00a0tambi\u00e9n en\u00a0<b>O Corgo<\/b><b>.<\/b><\/p>\n<blockquote><p><strong>\u271e\u00a0\ud83e\udd35\u00a0Funeraria de Galicia<\/strong>\u00a0\u226b Servicio 24 horas.<br \/>\n<strong>\ud83d\udcf1644 633 123<\/strong><\/p><\/blockquote>\n<\/div>\n<\/div>\n<\/div>\n<\/div>\n<\/div>\n<\/div>\n<h2>\ud83d\udcf2\u00a0Tambi\u00e9n por WhatsApp<\/h2>\n<p><strong>Cont\u00e1ctenos de forma r\u00e1pida y directa a trav\u00e9s de WhatsApp<\/strong>. Solo haga clic en el siguiente enlace para abrir una sala de chat y beneficiarse de las ventajas de las nuevas tecnolog\u00edas, permiti\u00e9ndonos proporcionarle una atenci\u00f3n m\u00e1s efectiva, as\u00ed como el env\u00edo de documentos, presupuestos, fotos, etc.:<\/p>\n<h1><a href=\"https:\/\/api.whatsapp.com\/send?phone=34644633123&amp;text=Hola%20deseo%20informarme\"><img loading=\"lazy\" decoding=\"async\" class=\"alignnone wp-image-124\" src=\"https:\/\/funerariadegalicia.com\/defunciones\/wp-content\/uploads\/2023\/10\/wharsapp-icono.gif\" alt=\"whatsapp icono\" width=\"35\" height=\"34\" \/>\u00a0<strong>Enviar WhatsApp \u00bb<\/strong><\/a><\/h1>\n<p>Le enviaremos un presupuesto detallado y vinculante adaptado a sus necesidades a trav\u00e9s de WhatsApp o por correo electr\u00f3nico. Adem\u00e1s, si lo autoriza, un agente funerario se pondr\u00e1 en contacto con usted para brindarle un asesoramiento m\u00e1s personalizado.<\/p>\n<pre><a href=\"tel:644.633.123\">\u260e TOQUE AQUI PARA LLAMAR \u00bb<\/a><\/pre>\n<pre><a href=\"https:\/\/api.whatsapp.com\/send?phone=34644633123&amp;text=Hola%20deseo%20informarme\">\ud83d\udcf1 TOQUE AQU\u00cd PARA WHATSAPP \u00bb<\/a><\/pre>\n<p>&nbsp;<\/p>\n","protected":false},"excerpt":{"rendered":"<p>Funeraria de Galicia\u00a0ofrece servicios funerarios completos para particulares y compa\u00f1\u00edas aseguradoras tambi\u00e9n en\u00a0O Corgo (Lugo). Realizamos todo tipo de servicios y tr\u00e1mites funerarios: entierros, incineraciones, exhumaciones, viudedad, \u00faltimas voluntades, ofrendas florales, traslados nacionales e internacionales, seguros de decesos, esquelas, aniversarios\u2026 Con Funeraria de Galicia la familia decide lo que quiere gastar\u00a0en el sepelio. Con un [&hellip;]<\/p>\n","protected":false},"author":1,"featured_media":1184,"parent":95,"menu_order":0,"comment_status":"closed","ping_status":"closed","template":"","meta":{"footnotes":""},"class_list":["post-1178","page","type-page","status-publish","has-post-thumbnail","hentry"],"_links":{"self":[{"href":"https:\/\/funerariadegalicia.com\/defunciones\/wp-json\/wp\/v2\/pages\/1178","targetHints":{"allow":["GET"]}}],"collection":[{"href":"https:\/\/funerariadegalicia.com\/defunciones\/wp-json\/wp\/v2\/pages"}],"about":[{"href":"https:\/\/funerariadegalicia.com\/defunciones\/wp-json\/wp\/v2\/types\/page"}],"author":[{"embeddable":true,"href":"https:\/\/funerariadegalicia.com\/defunciones\/wp-json\/wp\/v2\/users\/1"}],"replies":[{"embeddable":true,"href":"https:\/\/funerariadegalicia.com\/defunciones\/wp-json\/wp\/v2\/comments?post=1178"}],"version-history":[{"count":3,"href":"https:\/\/funerariadegalicia.com\/defunciones\/wp-json\/wp\/v2\/pages\/1178\/revisions"}],"predecessor-version":[{"id":1182,"href":"https:\/\/funerariadegalicia.com\/defunciones\/wp-json\/wp\/v2\/pages\/1178\/revisions\/1182"}],"up":[{"embeddable":true,"href":"https:\/\/funerariadegalicia.com\/defunciones\/wp-json\/wp\/v2\/pages\/95"}],"wp:featuredmedia":[{"embeddable":true,"href":"https:\/\/funerariadegalicia.com\/defunciones\/wp-json\/wp\/v2\/media\/1184"}],"wp:attachment":[{"href":"https:\/\/funerariadegalicia.com\/defunciones\/wp-json\/wp\/v2\/media?parent=1178"}],"curies":[{"name":"wp","href":"https:\/\/api.w.org\/{rel}","templated":true}]}}